et m(t) = -206*t - 6796. Give m(-33).
2
Let k(f) = -f**2 + 52*f - 466. Calculate k(11).
-15
Let c(l) = 47*l**2 - 56*l - 1. Determine c(1).
-10
Let j(v) = 2*v**2 + 174*v + 2873. Calculate j(-65).
13
Let d(i) = 5*i**3 - 3*i**2 + 3*i + 2. Give d(-2).
-56
Let a(m) = -6*m - 352. Calculate a(-60).
8
Let o(h) = -2*h**2 + 118*h + 376. Calculate o(62).
4
Let b(h) = -8*h**2 - 230*h + 456. Determine b(2).
-36
Let b(s) = s**3 + 11*s**2 + 12. Determine b(-11).
12
Let o(b) = -2*b**2 + 61*b - 339. Calculate o(7).
-10
Let c(m) = -9*m + 142. Calculate c(8).
70
Let k(j) = 62*j**2 + 255*j + 8. Give k(-4).
-20
Let t(r) = r**2 + 80*r + 1268. Determine t(-58).
-8
Let a(y) = -y**3 - 23*y**2 - 7*y - 58. What is a(-23)?
103
Let g(b) = b**3 + 3*b**2 - 3*b - 5. What is g(-5)?
-40
Let c(s) = 5*s**2 - 13209*s + 13209. Calculate c(1).
5
Let t(w) = w**2 - 206*w + 10608. Give t(102).
0
Let s(w) = 2*w**2 - 47*w - 292. Calculate s(-5).
-7
Let i(f) = -9*f - 452. Calculate i(-57).
61
Let b(w) = -w**3 + 89*w**2 - 222*w - 3087. Give b(86).
9
Let f(o) = 7*o**2 - 51*o. Give f(6).
-54
Let h(j) = -21*j + 2354. What is h(104)?
170
Let b(j) = -3*j + 258. Give b(0).
258
Let o(j) = 195*j**3 - j**2 - 14*j - 13. Calculate o(-1).
-195
Let m(u) = 70*u - 701. Give m(10).
-1
Let u(f) = f**2 - 82*f + 1673. Calculate u(38).
1
Let q(y) = -y**2 + 54*y - 413. Determine q(9).
-8
Let h(a) = -348*a + 13913. What is h(40)?
-7
Let p(b) = 12*b + 31. Give p(-2).
7
Let w(q) = 78*q - 1553. What is w(19)?
-71
Let o(d) = -6*d**2 + 123*d + 3499. Determine o(-16).
-5
Let z(g) = -g**3 - 87*g**2 + 1. What is z(-87)?
1
Let b(g) = g**2 - 190*g + 7210. Determine b(52).
34
Let b(x) = x**3 + 11*x**2 + 26*x - 39. Determine b(-10).
-199
Let m(i) = 15*i + 1655. What is m(-110)?
5
Let q(i) = 371*i + 1799. Determine q(-5).
-56
Let l(o) = -2*o**3 - 237*o**2 + 103*o - 1895. Give l(-119).
9
Let o(t) = 18*t**2 + 858*t - 280. Calculate o(-48).
8
Let r(p) = 25*p**2 - 9*p + 13. What is r(2)?
95
Let w(u) = -11*u**2 - 370*u + 2122. What is w(5)?
-3
Let y(h) = 2*h**2 - 31*h + 23. What is y(12)?
-61
Let v(j) = 2*j**2 - 189*j + 1392. Give v(8).
8
Let f(q) = -q**3 - 51*q**2 + 256*q - 274. What is f(3)?
8
Let i(x) = 4*x**2 - 22*x + 33. Calculate i(7).
75
Let a(g) = -g**3 - 2*g**2 + 13*g + 41. Calculate a(-4).
21
Let k(n) = n**3 + 31*n**2 + 24*n - 98. Calculate k(-30).
82
Let f(w) = -w**3 - 3*w**2 + 7*w + 18. Give f(-3).
-3
Let y(w) = -4*w**2 - 155*w + 48. Calculate y(-39).
9
Let r(x) = -x**2 + 53*x - 146. Calculate r(3).
4
Let a(k) = 5*k**2 + 151*k - 154. What is a(-31)?
-30
Let x(m) = 12*m**2 - 163*m + 88. Determine x(12).
-140
Let d(r) = 4*r**3 + 6*r**2 - 9*r. Give d(2).
38
Let l(f) = -3*f**2 - 12*f - 25. Calculate l(-6).
-61
Let q(y) = 2*y**3 - 225*y**2 - 1411*y + 57. Calculate q(-6).
-9
Let s(f) = 49*f - 7574. Calculate s(151).
-175
Let m(s) = s**3 - 8*s**2 + 6*s + 9. Calculate m(8).
57
Let z(j) = 21*j + 727. What is z(-62)?
-575
Let y(w) = -5*w - 117. What is y(4)?
-137
Let t(c) = c**3 - 24*c**2 + 69*c + 227. What is t(20)?
7
Let o(c) = 2*c**3 + 78*c**2 + 76*c - 41. Calculate o(-38).
-41
Let c(i) = 7*i**2 + 22*i + 6. What is c(-5)?
71
Let t(x) = -x + 69. What is t(-16)?
85
Let n(g) = -10*g**2 - 306*g - 307. Determine n(-1).
-11
Let m(n) = -3*n**3 - 283*n**2 - 87*n + 659. Give m(-94).
1
Let z(f) = 2*f**3 - 80*f**2 + 77*f + 46. Give z(39).
7
Let m(j) = -35*j + 1885. Calculate m(54).
-5
Let v(m) = 8*m**2 - 63*m + 28. Determine v(7).
-21
Let d(m) = 2*m**3 - 10*m**2 + 5*m - 8. What is d(6)?
94
Let z(n) = n**2 - 39*n + 302. Determine z(26).
-36
Let g(u) = -24*u**2 - 115*u + 15. Determine g(-5).
-10
Let l(k) = k**3 - 10*k**2 - 12*k + 24. Determine l(11).
13
Let p(f) = -613*f**3 + 5*f**2 + 2*f - 2. Give p(-1).
614
Let m(y) = -y - 90. What is m(20)?
-110
Let n(b) = 2*b**3 + 13*b**2 + 21*b + 7. Give n(-5).
-23
Let y(d) = -d**3 - 27*d**2 + 626*d + 30. What is y(15)?
-30
Let h(f) = 5*f - 42. Give h(-4).
-62
Let x(l) = -2*l**3 + 38*l**2 + 319*l - 481. Calculate x(25).
-6
Let j(x) = -9*x**2 - 90*x - 82. Determine j(-9).
-1
Let f(x) = x**3 - x**2 - 17*x + 34. What is f(3)?
1
Let u(k) = 24*k - 435. What is u(18)?
-3
Let d(l) = -537*l + 8056. Calculate d(15).
1
Let m(x) = 23*x - 2164. Give m(94).
-2
Let a(x) = -67*x + 961. What is a(12)?
157
Let q(b) = -b**3 + 2*b**2 + 14*b + 103. Calculate q(7).
-44
Let h(l) = 3*l**3 - 3*l**2 + 3*l. Calculate h(3).
63
Let c(l) = 6*l**2 + 92*l - 185. What is c(-17)?
-15
Let m(j) = j**3 + 15*j**2 - 69*j - 273. Determine m(-18).
-3
Let c(s) = 543*s**2 - 11*s + 13. Calculate c(1).
545
Let j(i) = i**3 + 2*i**2 + 3*i + 17. Determine j(-5).
-73
Let z(k) = k**3 + 15*k**2 + 23*k - 45. Calculate z(-13).
-6
Let j(z) = -z**2 + 243*z + 482. Calculate j(-2).
-8
Let d(g) = -g**3 + 70*g**2 + 7*g - 489. Give d(70).
1
Let l(a) = -2*a**2 + 160*a + 400. What is l(83)?
-98
Let t(u) = -u**3 + 5*u**2 + 3614*u - 18070. What is t(5)?
0
Let y(s) = 98*s - 3401. Calculate y(38).
323
Let o(m) = m**2 + 477*m - 3384. What is o(7)?
4
Let v(l) = 8*l**2 + 81*l + 13. Calculate v(-9).
-68
Let w(g) = -28*g - 122. Calculate w(-6).
46
Let a(q) = 7*q**3 + 3*q**2 - 24*q + 6. Calculate a(4).
406
Let z(j) = -j**3 - 75*j**2 - 85*j - 560. Determine z(-74).
254
Let n(p) = -1180*p**2 + 10624*p - 26. Give n(9).
10
Let j(h) = -3*h + 137. What is j(53)?
-22
Let z(i) = 4*i**3 + 148*i**2 - 9*i - 320. Determine z(-37).
13
Let r(x) = -2*x**2 - 74*x + 269. Determine r(-39).
113
Let s(w) = 23*w - 697. Give s(27).
-76
Let y(c) = 164*c**2 - 3*c - 11. Calculate y(-2).
651
Let h(a) = 3*a**3 + 281*a**2 + 452*a - 741. What is h(-92)?
-5
Let i(q) = -248*q + 3734. Determine i(15).
14
Let n(i) = 192*i**2 - 15*i - 14. Give n(-1).
193
Let u(a) = -a**2 - 27*a + 155. Calculate u(-38).
-263
Let h(b) = -525*b + 5244. What is h(10)?
-6
Let i(a) = 20*a**2 - 4*a + 10. Calculate i(3).
178
Let r(w) = -22*w + 702. Give r(10).
482
Let f(s) = -43*s + 165. Determine f(3).
36
Let l(i) = -148*i + 738. Determine l(5).
-2
Let f(o) = -15*o**2 - 77*o + 24. Determine f(-6).
-54
Let w(x) = -x**3 + 83*x**2 - 1006*x - 209. What is w(15)?
1
Let y(j) = 48*j - 557. Give y(21).
451
Let x(g) = -g**2 + 16*g + 10. What is x(-6)?
-122
Let h(s) = 3422*s - 2. What is h(0)?
-2
Let x(b) = -b**2 - 27*b - 77. What is x(-24)?
-5
Let f(c) = -c**2 + 7*c + 296. Calculate f(-15).
-34
Let k(p) = p**3 + 6*p**2 + 35*p + 409. What is k(-8)?
1
Let l(k) = -4*k - 15. What is l(-2)?
-7
Let w(h) = 4*h**2 + 60*h - 485. What is w(-21)?
19
Let m(j) = 77*j + 99. What is m(-7)?
-440
Let p(c) = -4*c**2 - 39*c - 210. Calculate p(-12).
-318
Let j(d) = -148*d + 347. What is j(2)?
51
Let h(g) = g**2 - 70*g - 46. What is h(0)?
-46
Let m(n) = -1807*n + 21683. Give m(12).
-1
Let l(g) = -g**3 - 46*g**2 + 95*g + 364. Give l(-48).
412
Let a(b) = -4*b**2 - 10*b + 262. What is a(7)?
-4
Let s(l) = l**2 + 25*l - 705. Determine s(17).
9
Let o(g) = -2*g**2 - 56*g - 19. Give o(0).
-19
Let y(i) = 9*i**2 + 38*i + 93. What is y(-5)?
128
Let u(q) = -16*q**2 - 191*q - 22. Calculate u(-12).
-34
Let l(u) = -u**3 - 36*u**2 + 5. Give l(-36).
5
Let p(x) = 2*x**3 + 23*x**2 - 17*x - 25. Determine p(-12).
35
Let g(p) = 2*p**3 - 15*p**2 - 171*p + 353. What is g(13)?
-11
Let d(z) = 18*z + 114. What is d(-4)?
42
Let b(q) = q**3 + 21*q**2 + 32*q - 86. Give b(-17).
526
Let b(s) = -27*s - 450. Give b(-13).
-99
Let i(z) = -z**3 - 19*z**2 + 210*z - 167. Give i(-27).
-5
Let c(f) = f**3 + 9*f**2 + 25*f + 27. Calculate c(-5).
2
Let l(p) = -76*p - 46. Calculate l(-2).
106
Let v(s) = 705*s - 21135. What is v(30)?
15
Let r(c) = -6*c**3 + 52*c**2 - 107*c - 9. Give r(4).
11
Let d(w) = -200*w + 1602. Determine d(8).
2
Let s(t) = 2*t**3 - 74*t**2 + 8*t - 301. What is s(37)?
-5
Let i(y) = -2*y**2 + 80*y + 177. Calculate i(42).
9
Let k(v) = -15*v**2 + 12*v - 160. Determine k(5).
-475
Let p(v) = 56*v - 4532. Determine p(81).
4
Let s(y) = -295*y - 388. Calculate s(-1).
-93
Let w(c) = 2*c**3 - 2*c**2 + 87*c - 170. Determine w(2).
12
Let k(p) = 15107*p + 151068. What is k(-10)?
-2
Let k(j) = 1072*j + 6435. What is k(-6)?
3
Let t(w) = 7*w**3 + 3*w**2 + 106*w + 208. Calculate t(-2).
-48
Let l(r) = r**3 + 21*r**2 + 93*r + 48. Determine l(-15).
3
Let c(r) = 42*r - 754. Calculate c(13).
-208
Let t(b) = -184*b - 2410. What is t(-9)?
-754
Let l(c) = -220*c - 8532. Give l(-39).
48
Let m(s) = 